 - 224. Calculate w(18).
-26
Let s(h) = -2*h**2 + 153*h - 1028. What is s(69)?
7
Let o(g) = 6*g**2 - 1287*g + 643. Calculate o(214).
1
Let v(g) = 44*g**2 + 193*g + 9. Calculate v(-4).
-59
Let q(d) = d**3 - 52*d**2 - 90*d - 4120. What is q(55)?
5
Let t(k) = 9*k**2 - 40*k - 14. Give t(5).
11
Let k(p) = 2*p**3 - 97*p**2 + 142*p - 84. Determine k(47).
-37
Let c(h) = h**2 + 23*h - 9. Give c(-20).
-69
Let b(v) = 2*v**3 + 43*v**2 + 218*v - 34. Give b(-9).
29
Let q(n) = -n**3 + 13*n**2 - 4*n - 105. Give q(10).
155
Let f(u) = -u**2 - 207*u + 1936. Calculate f(9).
-8
Let v(o) = -17*o + 370. What is v(17)?
81
Let o(p) = p**2 + 2869*p + 42791. Determine o(-15).
-19
Let s(z) = -z**3 + 15*z**2 + 25*z + 157. Calculate s(17).
4
Let w(q) = -2*q**2 - 75*q - 300. What is w(-34)?
-62
Let c(s) = -75*s - 156. Give c(-8).
444
Let k(d) = 2*d**2 - d - 14. Give k(0).
-14
Let d(m) = 494*m - 7900. Calculate d(16).
4
Let n(z) = z**3 - 8*z**2 + 18*z - 68. Calculate n(5).
-53
Let f(s) = -s**3 + s**2 + 66*s - 76. Give f(8).
4
Let p(a) = -111*a - 585. Give p(-11).
636
Let s(f) = 1765*f + 42359. Determine s(-24).
-1
Let i(a) = -24*a**2 + 2406*a - 613. Calculate i(100).
-13
Let b(r) = -r**3 - 21*r**2 + 103*r - 10. Calculate b(4).
2
Let x(a) = -3*a**3 - 9*a**2 + 34*a - 13. What is x(2)?
-5
Let l(t) = -49*t**2 + 12241*t + 2245. Calculate l(250).
-5
Let i(b) = -2*b**3 - 135*b**2 + 63*b - 420. Calculate i(-68).
-80
Let h(d) = -5*d**2 - 21*d - 8. Determine h(-3).
10
Let d(w) = 26*w. Determine d(-2).
-52
Let t(v) = -11*v**2 + 312*v - 398. Give t(27).
7
Let w(a) = 2*a**2 - 28*a + 83. Calculate w(11).
17
Let r(i) = 3*i**3 + 63*i**2 + 21*i + 476. Give r(-21).
35
Let t(f) = -18706*f + 224467. What is t(12)?
-5
Let r(p) = -p**3 + 24*p**2 - 156*p + 122. Calculate r(13).
-47
Let m(b) = -172*b + 2071. Calculate m(12).
7
Let a(y) = y**3 + 15*y**2 + 42*y + 7. What is a(-9)?
115
Let w(l) = 2*l**3 + 11*l**2 - 61*l - 181. Calculate w(-8).
-13
Let o(b) = b**3 + 51*b**2 + 47*b + 16. Determine o(-50).
166
Let k(y) = -y**2 + 21*y - 7. Determine k(0).
-7
Let c(j) = -j**3 + 11*j**2 + 42*j + 762. Give c(16).
154
Let m(o) = o**3 - o**2 - 45*o + 18. Give m(0).
18
Let u(m) = -m**3 - 24*m**2 - 61*m - 899. Calculate u(-23).
-25
Let u(t) = 106*t - 594. What is u(5)?
-64
Let z(v) = -12*v**2 + 47*v - 64. Give z(2).
-18
Let x(f) = 517*f + 3108. What is x(-6)?
6
Let u(r) = r**3 + 4*r**2 + 10*r + 15. What is u(-2)?
3
Let h(i) = i**3 - 20*i**2 + 6*i - 113. What is h(20)?
7
Let b(p) = p + 31. Determine b(-24).
7
Let p(m) = 2521*m - 15136. Determine p(6).
-10
Let x(d) = 723*d + 7227. Determine x(-10).
-3
Let a(z) = 88*z + 815. Determine a(-26).
-1473
Let c(b) = 10*b**2 + 234*b - 233. Calculate c(1).
11
Let p(b) = b**2 + 274*b + 11518. Determine p(-52).
-26
Let d(j) = 3889*j - 163340. What is d(42)?
-2
Let i(k) = -k**3 - 18*k**2 - 60*k + 16. Calculate i(-8).
-144
Let v(u) = -158*u - 7567. Give v(-48).
17
Let r(p) = 124*p + 1029. What is r(-8)?
37
Let n(t) = t**3 - 6*t**2 - t + 11. Determine n(5).
-19
Let m(n) = n**3 - 14*n**2 - 53*n - 22. What is m(17)?
-56
Let w(n) = 2*n**3 - 6*n**2 - 43*n - 64. Calculate w(-2).
-18
Let l(s) = -s**2 + 52*s + 2080. What is l(78)?
52
Let s(o) = o**2 + 28*o + 133. Determine s(-22).
1
Let u(r) = 3*r**3 - 3*r**2 + r - 15. Give u(3).
42
Let q(x) = -525*x - 59316. Determine q(-113).
9
Let u(c) = c**3 - 17*c**2 - 49*c + 186. Calculate u(19).
-23
Let q(c) = -2*c**3 - 486*c**2 - 470*c + 3409. Give q(-242).
21
Let d(o) = -o**3 - 4*o**2 - 10*o - 21. What is d(-5)?
54
Let c(m) = -374*m - 6797. What is c(-19)?
309
Let u(x) = 122*x - 23431. What is u(192)?
-7
Let u(p) = p**2 + 31*p + 90. What is u(-32)?
122
Let u(o) = -o**2 - 1553*o + 3099. Give u(2).
-11
Let l(a) = 4*a**2 + 11*a + 13. Calculate l(-3).
16
Let a(o) = 61*o - 398. Calculate a(15).
517
Let r(g) = g**2 + 11*g - 125. Determine r(-16).
-45
Let p(q) = q**3 - 13*q**2 - 14*q + 132. Give p(13).
-50
Let q(d) = -5*d**3 + 9*d**2 - d - 29. What is q(0)?
-29
Let o(i) = -17*i + 104. Calculate o(34).
-474
Let x(p) = 4*p - 83. Determine x(12).
-35
Let d(p) = 147*p - 37074. Determine d(252).
-30
Let v(c) = -24*c**3 - 50*c**2 + 6*c + 6. Give v(-1).
-26
Let s(u) = 6*u**2 - 103*u + 324. Calculate s(13).
-1
Let w(h) = -17*h + 133. Calculate w(7).
14
Let c(f) = -f**3 - 27*f**2 - 22*f + 31. Give c(-10).
-1449
Let k(d) = -7741*d + 69669. What is k(9)?
0
Let i(c) = 2*c**3 - 173*c**2 + 738*c - 17. What is i(82)?
-17
Let w(p) = -4*p**2 - 22*p + 37. Calculate w(3).
-65
Let r(w) = 2*w**2 - 47*w - 397. Give r(-7).
30
Let o(n) = n**3 - n**2 - 24*n + 79. Determine o(5).
59
Let w(q) = -128*q + 1156. Determine w(9).
4
Let n(j) = 13*j + 454. Determine n(-22).
168
Let u(s) = s**2 - 22*s + 670. Calculate u(38).
1278
Let c(j) = -384*j - 1585. Calculate c(-4).
-49
Let y(i) = -i**3 + 13*i**2 - 12*i - 11. Give y(10).
169
Let g(r) = -r**3 + 59*r**2 + 56*r - 8. Give g(60).
-248
Let x(n) = 3*n**3 + 26*n**2 - 211*n + 10. Determine x(6).
328
Let t(o) = 491*o + 2462. Determine t(-5).
7
Let q(u) = 3*u**2 - 745*u - 15247. What is q(-19)?
-9
Let u(p) = -3409*p + 20463. Give u(6).
9
Let q(o) = -6*o**2 + o + 2. Calculate q(-6).
-220
Let q(w) = -5*w**2 + 251*w - 36. Give q(50).
14
Let d(z) = -15*z - 5276. Determine d(-352).
4
Let d(w) = 376*w - 781. Determine d(2).
-29
Let f(v) = 140*v**3 - 1120*v**2 - 2*v - 6. Calculate f(8).
-22
Let q(x) = -12*x + 545. Calculate q(22).
281
Let v(j) = -2*j**2 + 43*j - 131. Determine v(14).
79
Let q(r) = r**3 + 28*r**2 + 58*r + 873. Calculate q(-27).
36
Let q(x) = -552*x - 4413. What is q(-8)?
3
Let u(s) = 2*s**2 - 26*s - 91. Give u(-3).
5
Let s(l) = -18*l + 23. Calculate s(-17).
329
Let p(g) = -255*g - 3276. Give p(-13).
39
Let g(k) = 2*k**2 - 72*k + 392. Calculate g(27).
-94
Let m(k) = -82*k - 251. What is m(-3)?
-5
Let w(q) = 22*q**2 + 10*q - 9. Calculate w(2).
99
Let d(t) = -2*t**3 - t**2 + 29*t + 16. Give d(0).
16
Let d(a) = -3*a**2 + 6*a + 94. What is d(-5)?
-11
Let d(q) = -q**3 + q**2 + 18*q + 122. Calculate d(-5).
182
Let c(p) = 7*p**2 - 225*p + 49. Determine c(32).
17
Let x(l) = 383*l + 6531. Give x(-17).
20
Let i(y) = -y**2 - 36*y - 281. Give i(-29).
-78
Let f(b) = -b**3 - 5*b**2 - 3*b + 12. Determine f(-2).
6
Let z(x) = -x**3 + 5*x**2 - 31*x + 28. Determine z(1).
1
Let i(n) = -68*n + 2. What is i(0)?
2
Let m(v) = -v**2 - 24*v - 45. Determine m(-22).
-1
Let k(i) = i**2 - 63*i + 876. Calculate k(42).
-6
Let q(g) = 29090*g - 290910. Determine q(10).
-10
Let v(h) = -3184*h - 9560. Calculate v(-3).
-8
Let v(j) = -112*j + 8941. Determine v(80).
-19
Let o(q) = -q**3 + 65*q**2 + 68*q - 113. Give o(66).
19
Let b(a) = -13*a + 49. Determine b(4).
-3
Let x(r) = 2*r**3 + 67*r**2 - 1714*r - 58. Give x(17).
-7
Let q(n) = 25*n - 606. Determine q(26).
44
Let n(y) = y**3 - 19*y**2 + 82*y - 35. Give n(13).
17
Let z(n) = 2*n**2 - 67*n - 598. What is z(-8)?
66
Let l(b) = b**2 + 3247*b - 9759. Give l(3).
-9
Let g(l) = l**2 + 58*l + 31. What is g(-57)?
-26
Let q(r) = -211*r - 9277. What is q(-44)?
7
Let y(a) = a**3 + 8*a**2 - 133*a + 37. What is y(-16)?
117
Let m(t) = t**2 - 18*t - 14. Calculate m(8).
-94
Let a(t) = -t**2 - 15*t - 24. Determine a(-5).
26
Let a(j) = j**2 - 30*j - 175. Calculate a(44).
441
Let k(b) = 847*b - 875. What is k(1)?
-28
Let u(f) = 72*f + 155. Determine u(-4).
-133
Let s(g) = -57*g**2 - 4907*g - 429. Determine s(-86).
1
Let q(x) = -x**2 + 220*x + 1438. What is q(-6)?
82
Let u(w) = -27*w + 204. Give u(7).
15
Let j(l) = -l**3 + 9*l**2 - 25*l + 64. What is j(6)?
22
Let k(w) = -10*w**2 - w + 15. Calculate k(0).
15
Let s(w) = -w**2 - 67*w - 207. Give s(-3).
-15
Let u(s) = 41*s + 510. Calculate u(-3).
387
Let x(q) = -70*q**2 - 1262*q - 39. What is x(-18)?
-3
Let c(b) = b**3 + 31*b**2 - 2*b - 140. What is c(-31)?
-78
Let y(u) = 120*u + 1620. Give y(-15).
-180
Let c(p) = -9*p - 244. Give c(-23).
-37
Let t(g) = g**3 + 5*g**2 - 315*g - 1568. What is t(-5)?
7
Let p(n) = -9*n + 414. What is p(16)?
270
Let m(h) = -158*h - 2099. Calculate m(-13).
-45
Let n(d) = -4872*d - 29222. Calculate n(-6).
10
Let y(m) = m**3 - 15*m**2 - 325*m + 4559. Determine y(13).
-4
Let s(g) = -3814*g + 7616. What is s(2)?
-12
Let v(p) = -31*p**2 - 37*p + 35. Give v(1).
-33
Let b(q) = -q**3 - 56*q**2 + 68*q + 531. What is b(-57)?
-96
Let z(p) = -11*p**3 + 176*p**2 + 8*p - 1